{"id":5186,"date":"2025-06-23T14:47:34","date_gmt":"2025-06-23T12:47:34","guid":{"rendered":"https:\/\/adekoite-preprod.fr\/pepiniere\/?post_type=product&#038;p=5186"},"modified":"2026-01-08T17:04:37","modified_gmt":"2026-01-08T16:04:37","slug":"acer-opalus","status":"publish","type":"product","link":"https:\/\/adekoite-preprod.fr\/pepiniere\/produit\/acer-opalus\/","title":{"rendered":"Acer opalus"},"content":{"rendered":"<p>L\u2019\u00c9rable \u00e0 feuilles d\u2019Obier (<strong>Acer opalus)<\/strong> est un arbre m\u00e9diterran\u00e9en robuste et sans entretien. R\u00e9sistant \u00e0 la s\u00e9cheresse et aux chaleurs estivales, il supporte aussi des hivers rigoureux (jusqu\u2019\u00e0 -20\u00b0C).<\/p>\n<p>Atteignant jusqu\u2019\u00e0 20 m\u00e8tres (mais \u00e0 croissance lente), il propose une floraison jaune printani\u00e8re spectaculaire (avril-mai), attirant les pollinisateurs. En automne, son feuillage se pare de teintes allant du jaune dor\u00e9 au rouge orang\u00e9.<\/p>\n<p>Facile \u00e0 cultiver, il s\u2019adapte \u00e0 la majorit\u00e9 des sols drainants, de pr\u00e9f\u00e9rence calcaires ou neutres, et prosp\u00e8re en plein soleil. Un arbre ornemental toute l\u2019ann\u00e9e, sans exigence, parfait pour les jardins naturels ou secs.<\/p>\n<h3>Origine de [nom_produit] \ud83c\udf0e<\/h3>\n<p>C\u2019est un arbre avec une r\u00e9partition relativement large, principalement pr\u00e9sent dans le bassin m\u00e9diterran\u00e9en, y compris en France.<\/p>\n<h3>Description physique de [nom_produit] \ud83c\udf3f<\/h3>\n<p>La floraison a lieu au printemps sous forme de fleurs jaunes apparaissant en inflorescences terminales. C\u2019est l\u2019une des floraisons les plus spectaculaires parmi les \u00e9rables. Celles-ci donneront des samares, fruits caract\u00e9ristiques des \u00e9rables.<br \/>\nLe feuillage caduc prend de chatoyantes couleurs en automne.<\/p>\n<h3>Avantages de [nom_produit] \u2728<\/h3>\n<ul>\n<li><strong>Floraison pr\u00e9coce et spectaculaire<\/strong> : c\u2019est l&#8217;un des arbres \u00e0 floraison pr\u00e9coce les plus ornementaux, produisant ses fleurs en avril-mai.<\/li>\n<li><strong>Attraction pour les pollinisateurs<\/strong> : L&#8217;arbre est tr\u00e8s mellif\u00e8re et attire de nombreux insectes.<\/li>\n<li><strong>Couleurs automnales<\/strong> : Il offre de belles couleurs automnales allant du jaune d&#8217;or au rouge orange.<\/li>\n<li><strong>Adaptabilit\u00e9 et r\u00e9sistance<\/strong> : Ses origines m\u00e9diterran\u00e9ennes lui conf\u00e8rent une tr\u00e8s bonne r\u00e9sistance \u00e0 la s\u00e9cheresse et aux chaleurs estivales, tout en \u00e9tant parfaitement rustique sous nos latitudes.<\/li>\n<li><strong>Faible entretien<\/strong> : C&#8217;est un arbre qui ne demande aucun entretien sp\u00e9cifique et se contente de la plupart des terres, pourvu qu&#8217;elles soient suffisamment drainantes et de pr\u00e9f\u00e9rence calcaires \u00e0 neutre.<\/li>\n<\/ul>\n<p><strong><br \/>\nPlantez un Acer Opalus et faites de votre jardin un espace de nature unique !<br \/>\n<\/strong><\/p>\n","protected":false},"excerpt":{"rendered":"<p>Avec une abondante floraison au printemps et de belles couleurs automnales, c\u2019est un arbre <strong>beau en toutes saisons<\/strong>. Facile \u00e0 cultiver et <strong>r\u00e9sistant<\/strong>, c\u2019est un arbre d\u2019allure champ\u00eatre qui m\u00e9rite de figurer dans tous les jardins qui ont un peu de place pour l\u2019accueillir et qui souhaitent observer la biodiversit\u00e9 qui l\u2019accompagne.<\/p>\n","protected":false},"featured_media":5179,"template":"","meta":{"_acf_changed":false},"product_brand":[],"product_cat":[110,116],"product_tag":[],"class_list":{"0":"post-5186","1":"product","2":"type-product","3":"status-publish","4":"has-post-thumbnail","6":"product_cat-arbres-et-arbustes","7":"product_cat-plantes-pour-2050","9":"first","10":"instock","11":"taxable","12":"shipping-taxable","13":"purchasable","14":"product-type-simple"},"acf":[],"yoast_head":"<!-- This site is optimized with the Yoast SEO plugin v27.0 - https:\/\/yoast.com\/product\/yoast-seo-wordpress\/ -->\n<title>Acer opalus - Erable \u00e0 feuilles d&#039;obier - P\u00e9pini\u00e8re du Dandelion<\/title>\n<meta name=\"description\" content=\"Beau en toute saison, facile de culture et r\u00e9sistant. Croissance lente, il supporte des temp\u00e9ratures jusque -25\u00b0. Erable \u00e0 feuilles d&#039;obier disponible sur notre boutique.\" \/>\n<meta name=\"robots\" content=\"noindex, follow, max-snippet:-1, max-image-preview:large, max-video-preview:-1\" \/>\n<meta property=\"og:locale\" content=\"fr_FR\" \/>\n<meta property=\"og:type\" content=\"article\" \/>\n<meta property=\"og:title\" content=\"Acer opalus - Erable \u00e0 feuilles d&#039;obier - P\u00e9pini\u00e8re du Dandelion\" \/>\n<meta property=\"og:description\" content=\"Beau en toute saison, facile de culture et r\u00e9sistant. Croissance lente, il supporte des temp\u00e9ratures jusque -25\u00b0. Erable \u00e0 feuilles d&#039;obier disponible sur notre boutique.\" \/>\n<meta property=\"og:url\" content=\"https:\/\/adekoite-preprod.fr\/pepiniere\/produit\/acer-opalus\/\" \/>\n<meta property=\"og:site_name\" content=\"P\u00e9pini\u00e8re du Dandelion\" \/>\n<meta property=\"article:modified_time\" content=\"2026-01-08T16:04:37+00:00\" \/>\n<meta property=\"og:image\" content=\"https:\/\/adekoite-preprod.fr\/pepiniere\/wp-content\/uploads\/2021\/08\/acer-opalus-2.webp\" \/>\n\t<meta property=\"og:image:width\" content=\"640\" \/>\n\t<meta property=\"og:image:height\" content=\"480\" \/>\n\t<meta property=\"og:image:type\" content=\"image\/webp\" \/>\n<meta name=\"twitter:card\" content=\"summary_large_image\" \/>\n<meta name=\"twitter:label1\" content=\"Dur\u00e9e de lecture estim\u00e9e\" \/>\n\t<meta name=\"twitter:data1\" content=\"2 minutes\" \/>\n<script type=\"application\/ld+json\" class=\"yoast-schema-graph\">{\"@context\":\"https:\/\/schema.org\",\"@graph\":[{\"@type\":\"WebPage\",\"@id\":\"https:\/\/adekoite-preprod.fr\/pepiniere\/produit\/acer-opalus\/\",\"url\":\"https:\/\/adekoite-preprod.fr\/pepiniere\/produit\/acer-opalus\/\",\"name\":\"Acer opalus - Erable \u00e0 feuilles d'obier - P\u00e9pini\u00e8re du Dandelion\",\"isPartOf\":{\"@id\":\"https:\/\/adekoite-preprod.fr\/pepiniere\/#website\"},\"primaryImageOfPage\":{\"@id\":\"https:\/\/adekoite-preprod.fr\/pepiniere\/produit\/acer-opalus\/#primaryimage\"},\"image\":{\"@id\":\"https:\/\/adekoite-preprod.fr\/pepiniere\/produit\/acer-opalus\/#primaryimage\"},\"thumbnailUrl\":\"https:\/\/adekoite-preprod.fr\/pepiniere\/wp-content\/uploads\/2021\/08\/acer-opalus-2.webp\",\"datePublished\":\"2025-06-23T12:47:34+00:00\",\"dateModified\":\"2026-01-08T16:04:37+00:00\",\"description\":\"Beau en toute saison, facile de culture et r\u00e9sistant. Croissance lente, il supporte des temp\u00e9ratures jusque -25\u00b0. Erable \u00e0 feuilles d'obier disponible sur notre boutique.\",\"breadcrumb\":{\"@id\":\"https:\/\/adekoite-preprod.fr\/pepiniere\/produit\/acer-opalus\/#breadcrumb\"},\"inLanguage\":\"fr-FR\",\"potentialAction\":[{\"@type\":\"ReadAction\",\"target\":[\"https:\/\/adekoite-preprod.fr\/pepiniere\/produit\/acer-opalus\/\"]}]},{\"@type\":\"ImageObject\",\"inLanguage\":\"fr-FR\",\"@id\":\"https:\/\/adekoite-preprod.fr\/pepiniere\/produit\/acer-opalus\/#primaryimage\",\"url\":\"https:\/\/adekoite-preprod.fr\/pepiniere\/wp-content\/uploads\/2021\/08\/acer-opalus-2.webp\",\"contentUrl\":\"https:\/\/adekoite-preprod.fr\/pepiniere\/wp-content\/uploads\/2021\/08\/acer-opalus-2.webp\",\"width\":640,\"height\":480,\"caption\":\"Acer opalus feuilles\"},{\"@type\":\"BreadcrumbList\",\"@id\":\"https:\/\/adekoite-preprod.fr\/pepiniere\/produit\/acer-opalus\/#breadcrumb\",\"itemListElement\":[{\"@type\":\"ListItem\",\"position\":1,\"name\":\"Accueil\",\"item\":\"https:\/\/adekoite-preprod.fr\/pepiniere\/\"},{\"@type\":\"ListItem\",\"position\":2,\"name\":\"Boutique\",\"item\":\"https:\/\/adekoite-preprod.fr\/pepiniere\/boutique\/\"},{\"@type\":\"ListItem\",\"position\":3,\"name\":\"Acer opalus\"}]},{\"@type\":\"WebSite\",\"@id\":\"https:\/\/adekoite-preprod.fr\/pepiniere\/#website\",\"url\":\"https:\/\/adekoite-preprod.fr\/pepiniere\/\",\"name\":\"P\u00e9pini\u00e8re du Dandelion\",\"description\":\"\",\"potentialAction\":[{\"@type\":\"SearchAction\",\"target\":{\"@type\":\"EntryPoint\",\"urlTemplate\":\"https:\/\/adekoite-preprod.fr\/pepiniere\/?s={search_term_string}\"},\"query-input\":{\"@type\":\"PropertyValueSpecification\",\"valueRequired\":true,\"valueName\":\"search_term_string\"}}],\"inLanguage\":\"fr-FR\"}]}<\/script>\n<!-- \/ Yoast SEO plugin. -->","yoast_head_json":{"title":"Acer opalus - Erable \u00e0 feuilles d'obier - P\u00e9pini\u00e8re du Dandelion","description":"Beau en toute saison, facile de culture et r\u00e9sistant. Croissance lente, il supporte des temp\u00e9ratures jusque -25\u00b0. Erable \u00e0 feuilles d'obier disponible sur notre boutique.","robots":{"index":"noindex","follow":"follow","max-snippet":"max-snippet:-1","max-image-preview":"max-image-preview:large","max-video-preview":"max-video-preview:-1"},"og_locale":"fr_FR","og_type":"article","og_title":"Acer opalus - Erable \u00e0 feuilles d'obier - P\u00e9pini\u00e8re du Dandelion","og_description":"Beau en toute saison, facile de culture et r\u00e9sistant. Croissance lente, il supporte des temp\u00e9ratures jusque -25\u00b0. Erable \u00e0 feuilles d'obier disponible sur notre boutique.","og_url":"https:\/\/adekoite-preprod.fr\/pepiniere\/produit\/acer-opalus\/","og_site_name":"P\u00e9pini\u00e8re du Dandelion","article_modified_time":"2026-01-08T16:04:37+00:00","og_image":[{"width":640,"height":480,"url":"https:\/\/adekoite-preprod.fr\/pepiniere\/wp-content\/uploads\/2021\/08\/acer-opalus-2.webp","type":"image\/webp"}],"twitter_card":"summary_large_image","twitter_misc":{"Dur\u00e9e de lecture estim\u00e9e":"2 minutes"},"schema":{"@context":"https:\/\/schema.org","@graph":[{"@type":"WebPage","@id":"https:\/\/adekoite-preprod.fr\/pepiniere\/produit\/acer-opalus\/","url":"https:\/\/adekoite-preprod.fr\/pepiniere\/produit\/acer-opalus\/","name":"Acer opalus - Erable \u00e0 feuilles d'obier - P\u00e9pini\u00e8re du Dandelion","isPartOf":{"@id":"https:\/\/adekoite-preprod.fr\/pepiniere\/#website"},"primaryImageOfPage":{"@id":"https:\/\/adekoite-preprod.fr\/pepiniere\/produit\/acer-opalus\/#primaryimage"},"image":{"@id":"https:\/\/adekoite-preprod.fr\/pepiniere\/produit\/acer-opalus\/#primaryimage"},"thumbnailUrl":"https:\/\/adekoite-preprod.fr\/pepiniere\/wp-content\/uploads\/2021\/08\/acer-opalus-2.webp","datePublished":"2025-06-23T12:47:34+00:00","dateModified":"2026-01-08T16:04:37+00:00","description":"Beau en toute saison, facile de culture et r\u00e9sistant. Croissance lente, il supporte des temp\u00e9ratures jusque -25\u00b0. Erable \u00e0 feuilles d'obier disponible sur notre boutique.","breadcrumb":{"@id":"https:\/\/adekoite-preprod.fr\/pepiniere\/produit\/acer-opalus\/#breadcrumb"},"inLanguage":"fr-FR","potentialAction":[{"@type":"ReadAction","target":["https:\/\/adekoite-preprod.fr\/pepiniere\/produit\/acer-opalus\/"]}]},{"@type":"ImageObject","inLanguage":"fr-FR","@id":"https:\/\/adekoite-preprod.fr\/pepiniere\/produit\/acer-opalus\/#primaryimage","url":"https:\/\/adekoite-preprod.fr\/pepiniere\/wp-content\/uploads\/2021\/08\/acer-opalus-2.webp","contentUrl":"https:\/\/adekoite-preprod.fr\/pepiniere\/wp-content\/uploads\/2021\/08\/acer-opalus-2.webp","width":640,"height":480,"caption":"Acer opalus feuilles"},{"@type":"BreadcrumbList","@id":"https:\/\/adekoite-preprod.fr\/pepiniere\/produit\/acer-opalus\/#breadcrumb","itemListElement":[{"@type":"ListItem","position":1,"name":"Accueil","item":"https:\/\/adekoite-preprod.fr\/pepiniere\/"},{"@type":"ListItem","position":2,"name":"Boutique","item":"https:\/\/adekoite-preprod.fr\/pepiniere\/boutique\/"},{"@type":"ListItem","position":3,"name":"Acer opalus"}]},{"@type":"WebSite","@id":"https:\/\/adekoite-preprod.fr\/pepiniere\/#website","url":"https:\/\/adekoite-preprod.fr\/pepiniere\/","name":"P\u00e9pini\u00e8re du Dandelion","description":"","potentialAction":[{"@type":"SearchAction","target":{"@type":"EntryPoint","urlTemplate":"https:\/\/adekoite-preprod.fr\/pepiniere\/?s={search_term_string}"},"query-input":{"@type":"PropertyValueSpecification","valueRequired":true,"valueName":"search_term_string"}}],"inLanguage":"fr-FR"}]}},"_links":{"self":[{"href":"https:\/\/adekoite-preprod.fr\/pepiniere\/wp-json\/wp\/v2\/product\/5186","targetHints":{"allow":["GET"]}}],"collection":[{"href":"https:\/\/adekoite-preprod.fr\/pepiniere\/wp-json\/wp\/v2\/product"}],"about":[{"href":"https:\/\/adekoite-preprod.fr\/pepiniere\/wp-json\/wp\/v2\/types\/product"}],"wp:featuredmedia":[{"embeddable":true,"href":"https:\/\/adekoite-preprod.fr\/pepiniere\/wp-json\/wp\/v2\/media\/5179"}],"wp:attachment":[{"href":"https:\/\/adekoite-preprod.fr\/pepiniere\/wp-json\/wp\/v2\/media?parent=5186"}],"wp:term":[{"taxonomy":"product_brand","embeddable":true,"href":"https:\/\/adekoite-preprod.fr\/pepiniere\/wp-json\/wp\/v2\/product_brand?post=5186"},{"taxonomy":"product_cat","embeddable":true,"href":"https:\/\/adekoite-preprod.fr\/pepiniere\/wp-json\/wp\/v2\/product_cat?post=5186"},{"taxonomy":"product_tag","embeddable":true,"href":"https:\/\/adekoite-preprod.fr\/pepiniere\/wp-json\/wp\/v2\/product_tag?post=5186"}],"curies":[{"name":"wp","href":"https:\/\/api.w.org\/{rel}","templated":true}]}}

<p>L’Érable à feuilles d’Obier (<strong>Acer opalus)</strong> est un arbre méditerranéen robuste et sans entretien. Résistant à la sécheresse et aux chaleurs estivales, il supporte aussi des hivers rigoureux (jusqu’à -20°C).</p>
<p>Atteignant jusqu’à 20 mètres (mais à croissance lente), il propose une floraison jaune printanière spectaculaire (avril-mai), attirant les pollinisateurs. En automne, son feuillage se pare de teintes allant du jaune doré au rouge orangé.</p>
<p>Facile à cultiver, il s’adapte à la majorité des sols drainants, de préférence calcaires ou neutres, et prospère en plein soleil. Un arbre ornemental toute l’année, sans exigence, parfait pour les jardins naturels ou secs.</p>
<h3>Origine de [nom_produit] 🌎</h3>
<p>C’est un arbre avec une répartition relativement large, principalement présent dans le bassin méditerranéen, y compris en France.</p>
<h3>Description physique de [nom_produit] 🌿</h3>
<p>La floraison a lieu au printemps sous forme de fleurs jaunes apparaissant en inflorescences terminales. C’est l’une des floraisons les plus spectaculaires parmi les érables. Celles-ci donneront des samares, fruits caractéristiques des érables.<br />
Le feuillage caduc prend de chatoyantes couleurs en automne.</p>
<h3>Avantages de [nom_produit] ✨</h3>
<ul>
<li><strong>Floraison précoce et spectaculaire</strong> : c’est l&#8217;un des arbres à floraison précoce les plus ornementaux, produisant ses fleurs en avril-mai.</li>
<li><strong>Attraction pour les pollinisateurs</strong> : L&#8217;arbre est très mellifère et attire de nombreux insectes.</li>
<li><strong>Couleurs automnales</strong> : Il offre de belles couleurs automnales allant du jaune d&#8217;or au rouge orange.</li>
<li><strong>Adaptabilité et résistance</strong> : Ses origines méditerranéennes lui confèrent une très bonne résistance à la sécheresse et aux chaleurs estivales, tout en étant parfaitement rustique sous nos latitudes.</li>
<li><strong>Faible entretien</strong> : C&#8217;est un arbre qui ne demande aucun entretien spécifique et se contente de la plupart des terres, pourvu qu&#8217;elles soient suffisamment drainantes et de préférence calcaires à neutre.</li>
</ul>
<p><strong><br />
Plantez un Acer Opalus et faites de votre jardin un espace de nature unique !<br />
</strong></p>

<p>Avec une abondante floraison au printemps et de belles couleurs automnales, c’est un arbre <strong>beau en toutes saisons</strong>. Facile à cultiver et <strong>résistant</strong>, c’est un arbre d’allure champêtre qui mérite de figurer dans tous les jardins qui ont un peu de place pour l’accueillir et qui souhaitent observer la biodiversité qui l’accompagne.</p>

<!-- This site is optimized with the Yoast SEO plugin v27.0 - https://yoast.com/product/yoast-seo-wordpress/ -->
<title>Acer opalus - Erable à feuilles d&#039;obier - Pépinière du Dandelion</title>
<meta name="description" content="Beau en toute saison, facile de culture et résistant. Croissance lente, il supporte des températures jusque -25°. Erable à feuilles d&#039;obier disponible sur notre boutique." />
<meta name="robots" content="noindex, follow, max-snippet:-1, max-image-preview:large, max-video-preview:-1" />
<meta property="og:locale" content="fr_FR" />
<meta property="og:type" content="article" />
<meta property="og:title" content="Acer opalus - Erable à feuilles d&#039;obier - Pépinière du Dandelion" />
<meta property="og:description" content="Beau en toute saison, facile de culture et résistant. Croissance lente, il supporte des températures jusque -25°. Erable à feuilles d&#039;obier disponible sur notre boutique." />
<meta property="og:url" content="https://adekoite-preprod.fr/pepiniere/produit/acer-opalus/" />
<meta property="og:site_name" content="Pépinière du Dandelion" />
<meta property="article:modified_time" content="2026-01-08T16:04:37+00:00" />
<meta property="og:image" content="https://adekoite-preprod.fr/pepiniere/wp-content/uploads/2021/08/acer-opalus-2.webp" />
	<meta property="og:image:width" content="640" />
	<meta property="og:image:height" content="480" />
	<meta property="og:image:type" content="image/webp" />
<meta name="twitter:card" content="summary_large_image" />
<meta name="twitter:label1" content="Durée de lecture estimée" />
	<meta name="twitter:data1" content="2 minutes" />
<script type="application/ld+json" class="yoast-schema-graph">{"@context":"https://schema.org","@graph":[{"@type":"WebPage","@id":"https://adekoite-preprod.fr/pepiniere/produit/acer-opalus/","url":"https://adekoite-preprod.fr/pepiniere/produit/acer-opalus/","name":"Acer opalus - Erable à feuilles d'obier - Pépinière du Dandelion","isPartOf":{"@id":"https://adekoite-preprod.fr/pepiniere/#website"},"primaryImageOfPage":{"@id":"https://adekoite-preprod.fr/pepiniere/produit/acer-opalus/#primaryimage"},"image":{"@id":"https://adekoite-preprod.fr/pepiniere/produit/acer-opalus/#primaryimage"},"thumbnailUrl":"https://adekoite-preprod.fr/pepiniere/wp-content/uploads/2021/08/acer-opalus-2.webp","datePublished":"2025-06-23T12:47:34+00:00","dateModified":"2026-01-08T16:04:37+00:00","description":"Beau en toute saison, facile de culture et résistant. Croissance lente, il supporte des températures jusque -25°. Erable à feuilles d'obier disponible sur notre boutique.","breadcrumb":{"@id":"https://adekoite-preprod.fr/pepiniere/produit/acer-opalus/#breadcrumb"},"inLanguage":"fr-FR","potentialAction":[{"@type":"ReadAction","target":["https://adekoite-preprod.fr/pepiniere/produit/acer-opalus/"]}]},{"@type":"ImageObject","inLanguage":"fr-FR","@id":"https://adekoite-preprod.fr/pepiniere/produit/acer-opalus/#primaryimage","url":"https://adekoite-preprod.fr/pepiniere/wp-content/uploads/2021/08/acer-opalus-2.webp","contentUrl":"https://adekoite-preprod.fr/pepiniere/wp-content/uploads/2021/08/acer-opalus-2.webp","width":640,"height":480,"caption":"Acer opalus feuilles"},{"@type":"BreadcrumbList","@id":"https://adekoite-preprod.fr/pepiniere/produit/acer-opalus/#breadcrumb","itemListElement":[{"@type":"ListItem","position":1,"name":"Accueil","item":"https://adekoite-preprod.fr/pepiniere/"},{"@type":"ListItem","position":2,"name":"Boutique","item":"https://adekoite-preprod.fr/pepiniere/boutique/"},{"@type":"ListItem","position":3,"name":"Acer opalus"}]},{"@type":"WebSite","@id":"https://adekoite-preprod.fr/pepiniere/#website","url":"https://adekoite-preprod.fr/pepiniere/","name":"Pépinière du Dandelion","description":"","potentialAction":[{"@type":"SearchAction","target":{"@type":"EntryPoint","urlTemplate":"https://adekoite-preprod.fr/pepiniere/?s={search_term_string}"},"query-input":{"@type":"PropertyValueSpecification","valueRequired":true,"valueName":"search_term_string"}}],"inLanguage":"fr-FR"}]}</script>
<!-- / Yoast SEO plugin. -->

Acer opalus - Erable à feuilles d'obier - Pépinière du Dandelion

Beau en toute saison, facile de culture et résistant. Croissance lente, il supporte des températures jusque -25°. Erable à feuilles d'obier disponible sur notre boutique.

Pépinière du Dandelion
