{"id":6335,"date":"2025-09-16T14:39:24","date_gmt":"2025-09-16T12:39:24","guid":{"rendered":"https:\/\/adekoite-preprod.fr\/pepiniere\/?post_type=product&#038;p=6335"},"modified":"2026-01-08T17:07:02","modified_gmt":"2026-01-08T16:07:02","slug":"hovenia-dulcis","status":"publish","type":"product","link":"https:\/\/adekoite-preprod.fr\/pepiniere\/produit\/hovenia-dulcis\/","title":{"rendered":"Hovenia dulcis"},"content":{"rendered":"<p><strong>Hovenia dulcis<\/strong> est un arbre surprenant par ses<strong> fruits atypiques<\/strong>, dont les p\u00e9doncules sucr\u00e9s sont comestibles. Avec une hauteur de 10 \u00e0 25 m\u00e8tres, il offre un feuillage caduc lustr\u00e9 et une floraison estivale blanche et parfum\u00e9e, attirant les pollinisateurs. Peu exigeant, il pr\u00e9f\u00e8re les<strong> sols frais et fertiles<\/strong> et une <strong>exposition ensoleill\u00e9e<\/strong>. R\u00e9sistant jusqu\u2019\u00e0 -15\u00b0C, il demande un <strong>peu d\u2019eau<\/strong> si les conditions deviennent trop s\u00e8ches.<\/p>\n<h3>Origine de [nom_produit] \ud83c\udf0e<\/h3>\n<p>C\u2019est un arbre originaire de plusieurs r\u00e9gions d\u2019Asie, notamment de Chine, du Japon ou de Cor\u00e9e.<\/p>\n<h3>Description physique de [nom_produit] \ud83c\udf3f<\/h3>\n<p>Hovenia dulcis peut atteindre environ 25 m\u00e8tres de hauteur, bien qu\u2019il ne d\u00e9passe que rarement une dizaine de m\u00e8tres sous nos latitudes. Ses feuilles sont caduques et irr\u00e9guli\u00e8rement dentel\u00e9es. La floraison se d\u00e9roule en \u00e9t\u00e9 et prend la forme de grappes de fleurs blanches. Elles sont parfum\u00e9es et appr\u00e9ci\u00e9es des insectes. Elles forment par la suite des fruits dont on consomme le p\u00e9dicule charnu, au go\u00fbt fruit\u00e9.<\/p>\n<h3>Avantages de [nom_produit] \u2728<\/h3>\n<ul>\n<li><strong>Fruits comestibles<\/strong> : Les p\u00e9doncules charnus portant les fruits sont comestibles et peuvent \u00eatre consomm\u00e9s crus ou cuits.<\/li>\n<li><strong>Attrait ornemental<\/strong> : C\u2019est un bel arbre au feuillage lustr\u00e9 et \u00e0 la floraison estivale.<\/li>\n<\/ul>\n","protected":false},"excerpt":{"rendered":"<p>Hovenia dulcis, aussi appel\u00e9 \u00ab Arbre aux raisins \u00bb, est un fruitier original au feuillage lustr\u00e9 et \u00e0 l\u2019\u00e9corce d\u00e9corative. Tr\u00e8s appr\u00e9ci\u00e9 des insectes pour sa floraison estivale parfum\u00e9e, il aime le plein soleil, les \u00e9t\u00e9s chauds et un sol pas trop sec. C\u2019est un arbre hors du commun qui sera du plus bel effet dans un jardin en qu\u00eate d\u2019originalit\u00e9.<\/p>\n","protected":false},"featured_media":6336,"template":"","meta":{"_acf_changed":false},"product_brand":[],"product_cat":[110,169],"product_tag":[],"class_list":{"0":"post-6335","1":"product","2":"type-product","3":"status-publish","4":"has-post-thumbnail","6":"product_cat-arbres-et-arbustes","7":"product_cat-comestibles","9":"first","10":"instock","11":"taxable","12":"shipping-taxable","13":"purchasable","14":"product-type-simple"},"acf":[],"yoast_head":"<!-- This site is optimized with the Yoast SEO plugin v27.0 - https:\/\/yoast.com\/product\/yoast-seo-wordpress\/ -->\n<title>Vente en ligne de Hovenia dulcis (Arbre \u00e0 raisins secs) - P\u00e9pini\u00e8re du Dandelion<\/title>\n<meta name=\"description\" content=\"Hovenia dulcis, aussi appel\u00e9 \u00ab Arbre aux raisins \u00bb, est un fruitier original au feuillage lustr\u00e9 et \u00e0 l\u2019\u00e9corce d\u00e9corative. Tr\u00e8s appr\u00e9ci\u00e9 des insectes pour sa floraison estivale parfum\u00e9e, il aime le plein soleil, les \u00e9t\u00e9s chauds et un sol pas trop sec.\" \/>\n<meta name=\"robots\" content=\"noindex, follow, max-snippet:-1, max-image-preview:large, max-video-preview:-1\" \/>\n<meta property=\"og:locale\" content=\"fr_FR\" \/>\n<meta property=\"og:type\" content=\"article\" \/>\n<meta property=\"og:title\" content=\"Vente en ligne de Hovenia dulcis (Arbre \u00e0 raisins secs) - P\u00e9pini\u00e8re du Dandelion\" \/>\n<meta property=\"og:description\" content=\"Hovenia dulcis, aussi appel\u00e9 \u00ab Arbre aux raisins \u00bb, est un fruitier original au feuillage lustr\u00e9 et \u00e0 l\u2019\u00e9corce d\u00e9corative. Tr\u00e8s appr\u00e9ci\u00e9 des insectes pour sa floraison estivale parfum\u00e9e, il aime le plein soleil, les \u00e9t\u00e9s chauds et un sol pas trop sec.\" \/>\n<meta property=\"og:url\" content=\"https:\/\/adekoite-preprod.fr\/pepiniere\/produit\/hovenia-dulcis\/\" \/>\n<meta property=\"og:site_name\" content=\"P\u00e9pini\u00e8re du Dandelion\" \/>\n<meta property=\"article:modified_time\" content=\"2026-01-08T16:07:02+00:00\" \/>\n<meta property=\"og:image\" content=\"https:\/\/adekoite-preprod.fr\/pepiniere\/wp-content\/uploads\/2025\/09\/hovenia-dulcis-5.webp\" \/>\n\t<meta property=\"og:image:width\" content=\"1000\" \/>\n\t<meta property=\"og:image:height\" content=\"1286\" \/>\n\t<meta property=\"og:image:type\" content=\"image\/webp\" \/>\n<meta name=\"twitter:card\" content=\"summary_large_image\" \/>\n<meta name=\"twitter:label1\" content=\"Dur\u00e9e de lecture estim\u00e9e\" \/>\n\t<meta name=\"twitter:data1\" content=\"2 minutes\" \/>\n<script type=\"application\/ld+json\" class=\"yoast-schema-graph\">{\"@context\":\"https:\/\/schema.org\",\"@graph\":[{\"@type\":\"WebPage\",\"@id\":\"https:\/\/adekoite-preprod.fr\/pepiniere\/produit\/hovenia-dulcis\/\",\"url\":\"https:\/\/adekoite-preprod.fr\/pepiniere\/produit\/hovenia-dulcis\/\",\"name\":\"Vente en ligne de Hovenia dulcis (Arbre \u00e0 raisins secs) - P\u00e9pini\u00e8re du Dandelion\",\"isPartOf\":{\"@id\":\"https:\/\/adekoite-preprod.fr\/pepiniere\/#website\"},\"primaryImageOfPage\":{\"@id\":\"https:\/\/adekoite-preprod.fr\/pepiniere\/produit\/hovenia-dulcis\/#primaryimage\"},\"image\":{\"@id\":\"https:\/\/adekoite-preprod.fr\/pepiniere\/produit\/hovenia-dulcis\/#primaryimage\"},\"thumbnailUrl\":\"https:\/\/adekoite-preprod.fr\/pepiniere\/wp-content\/uploads\/2025\/09\/hovenia-dulcis-5.webp\",\"datePublished\":\"2025-09-16T12:39:24+00:00\",\"dateModified\":\"2026-01-08T16:07:02+00:00\",\"description\":\"Hovenia dulcis, aussi appel\u00e9 \u00ab Arbre aux raisins \u00bb, est un fruitier original au feuillage lustr\u00e9 et \u00e0 l\u2019\u00e9corce d\u00e9corative. Tr\u00e8s appr\u00e9ci\u00e9 des insectes pour sa floraison estivale parfum\u00e9e, il aime le plein soleil, les \u00e9t\u00e9s chauds et un sol pas trop sec.\",\"breadcrumb\":{\"@id\":\"https:\/\/adekoite-preprod.fr\/pepiniere\/produit\/hovenia-dulcis\/#breadcrumb\"},\"inLanguage\":\"fr-FR\",\"potentialAction\":[{\"@type\":\"ReadAction\",\"target\":[\"https:\/\/adekoite-preprod.fr\/pepiniere\/produit\/hovenia-dulcis\/\"]}]},{\"@type\":\"ImageObject\",\"inLanguage\":\"fr-FR\",\"@id\":\"https:\/\/adekoite-preprod.fr\/pepiniere\/produit\/hovenia-dulcis\/#primaryimage\",\"url\":\"https:\/\/adekoite-preprod.fr\/pepiniere\/wp-content\/uploads\/2025\/09\/hovenia-dulcis-5.webp\",\"contentUrl\":\"https:\/\/adekoite-preprod.fr\/pepiniere\/wp-content\/uploads\/2025\/09\/hovenia-dulcis-5.webp\",\"width\":1000,\"height\":1286,\"caption\":\"Hovenia dulcis\"},{\"@type\":\"BreadcrumbList\",\"@id\":\"https:\/\/adekoite-preprod.fr\/pepiniere\/produit\/hovenia-dulcis\/#breadcrumb\",\"itemListElement\":[{\"@type\":\"ListItem\",\"position\":1,\"name\":\"Accueil\",\"item\":\"https:\/\/adekoite-preprod.fr\/pepiniere\/\"},{\"@type\":\"ListItem\",\"position\":2,\"name\":\"Boutique\",\"item\":\"https:\/\/adekoite-preprod.fr\/pepiniere\/boutique\/\"},{\"@type\":\"ListItem\",\"position\":3,\"name\":\"Hovenia dulcis\"}]},{\"@type\":\"WebSite\",\"@id\":\"https:\/\/adekoite-preprod.fr\/pepiniere\/#website\",\"url\":\"https:\/\/adekoite-preprod.fr\/pepiniere\/\",\"name\":\"P\u00e9pini\u00e8re du Dandelion\",\"description\":\"\",\"potentialAction\":[{\"@type\":\"SearchAction\",\"target\":{\"@type\":\"EntryPoint\",\"urlTemplate\":\"https:\/\/adekoite-preprod.fr\/pepiniere\/?s={search_term_string}\"},\"query-input\":{\"@type\":\"PropertyValueSpecification\",\"valueRequired\":true,\"valueName\":\"search_term_string\"}}],\"inLanguage\":\"fr-FR\"}]}<\/script>\n<!-- \/ Yoast SEO plugin. -->","yoast_head_json":{"title":"Vente en ligne de Hovenia dulcis (Arbre \u00e0 raisins secs) - P\u00e9pini\u00e8re du Dandelion","description":"Hovenia dulcis, aussi appel\u00e9 \u00ab Arbre aux raisins \u00bb, est un fruitier original au feuillage lustr\u00e9 et \u00e0 l\u2019\u00e9corce d\u00e9corative. Tr\u00e8s appr\u00e9ci\u00e9 des insectes pour sa floraison estivale parfum\u00e9e, il aime le plein soleil, les \u00e9t\u00e9s chauds et un sol pas trop sec.","robots":{"index":"noindex","follow":"follow","max-snippet":"max-snippet:-1","max-image-preview":"max-image-preview:large","max-video-preview":"max-video-preview:-1"},"og_locale":"fr_FR","og_type":"article","og_title":"Vente en ligne de Hovenia dulcis (Arbre \u00e0 raisins secs) - P\u00e9pini\u00e8re du Dandelion","og_description":"Hovenia dulcis, aussi appel\u00e9 \u00ab Arbre aux raisins \u00bb, est un fruitier original au feuillage lustr\u00e9 et \u00e0 l\u2019\u00e9corce d\u00e9corative. Tr\u00e8s appr\u00e9ci\u00e9 des insectes pour sa floraison estivale parfum\u00e9e, il aime le plein soleil, les \u00e9t\u00e9s chauds et un sol pas trop sec.","og_url":"https:\/\/adekoite-preprod.fr\/pepiniere\/produit\/hovenia-dulcis\/","og_site_name":"P\u00e9pini\u00e8re du Dandelion","article_modified_time":"2026-01-08T16:07:02+00:00","og_image":[{"width":1000,"height":1286,"url":"https:\/\/adekoite-preprod.fr\/pepiniere\/wp-content\/uploads\/2025\/09\/hovenia-dulcis-5.webp","type":"image\/webp"}],"twitter_card":"summary_large_image","twitter_misc":{"Dur\u00e9e de lecture estim\u00e9e":"2 minutes"},"schema":{"@context":"https:\/\/schema.org","@graph":[{"@type":"WebPage","@id":"https:\/\/adekoite-preprod.fr\/pepiniere\/produit\/hovenia-dulcis\/","url":"https:\/\/adekoite-preprod.fr\/pepiniere\/produit\/hovenia-dulcis\/","name":"Vente en ligne de Hovenia dulcis (Arbre \u00e0 raisins secs) - P\u00e9pini\u00e8re du Dandelion","isPartOf":{"@id":"https:\/\/adekoite-preprod.fr\/pepiniere\/#website"},"primaryImageOfPage":{"@id":"https:\/\/adekoite-preprod.fr\/pepiniere\/produit\/hovenia-dulcis\/#primaryimage"},"image":{"@id":"https:\/\/adekoite-preprod.fr\/pepiniere\/produit\/hovenia-dulcis\/#primaryimage"},"thumbnailUrl":"https:\/\/adekoite-preprod.fr\/pepiniere\/wp-content\/uploads\/2025\/09\/hovenia-dulcis-5.webp","datePublished":"2025-09-16T12:39:24+00:00","dateModified":"2026-01-08T16:07:02+00:00","description":"Hovenia dulcis, aussi appel\u00e9 \u00ab Arbre aux raisins \u00bb, est un fruitier original au feuillage lustr\u00e9 et \u00e0 l\u2019\u00e9corce d\u00e9corative. Tr\u00e8s appr\u00e9ci\u00e9 des insectes pour sa floraison estivale parfum\u00e9e, il aime le plein soleil, les \u00e9t\u00e9s chauds et un sol pas trop sec.","breadcrumb":{"@id":"https:\/\/adekoite-preprod.fr\/pepiniere\/produit\/hovenia-dulcis\/#breadcrumb"},"inLanguage":"fr-FR","potentialAction":[{"@type":"ReadAction","target":["https:\/\/adekoite-preprod.fr\/pepiniere\/produit\/hovenia-dulcis\/"]}]},{"@type":"ImageObject","inLanguage":"fr-FR","@id":"https:\/\/adekoite-preprod.fr\/pepiniere\/produit\/hovenia-dulcis\/#primaryimage","url":"https:\/\/adekoite-preprod.fr\/pepiniere\/wp-content\/uploads\/2025\/09\/hovenia-dulcis-5.webp","contentUrl":"https:\/\/adekoite-preprod.fr\/pepiniere\/wp-content\/uploads\/2025\/09\/hovenia-dulcis-5.webp","width":1000,"height":1286,"caption":"Hovenia dulcis"},{"@type":"BreadcrumbList","@id":"https:\/\/adekoite-preprod.fr\/pepiniere\/produit\/hovenia-dulcis\/#breadcrumb","itemListElement":[{"@type":"ListItem","position":1,"name":"Accueil","item":"https:\/\/adekoite-preprod.fr\/pepiniere\/"},{"@type":"ListItem","position":2,"name":"Boutique","item":"https:\/\/adekoite-preprod.fr\/pepiniere\/boutique\/"},{"@type":"ListItem","position":3,"name":"Hovenia dulcis"}]},{"@type":"WebSite","@id":"https:\/\/adekoite-preprod.fr\/pepiniere\/#website","url":"https:\/\/adekoite-preprod.fr\/pepiniere\/","name":"P\u00e9pini\u00e8re du Dandelion","description":"","potentialAction":[{"@type":"SearchAction","target":{"@type":"EntryPoint","urlTemplate":"https:\/\/adekoite-preprod.fr\/pepiniere\/?s={search_term_string}"},"query-input":{"@type":"PropertyValueSpecification","valueRequired":true,"valueName":"search_term_string"}}],"inLanguage":"fr-FR"}]}},"_links":{"self":[{"href":"https:\/\/adekoite-preprod.fr\/pepiniere\/wp-json\/wp\/v2\/product\/6335","targetHints":{"allow":["GET"]}}],"collection":[{"href":"https:\/\/adekoite-preprod.fr\/pepiniere\/wp-json\/wp\/v2\/product"}],"about":[{"href":"https:\/\/adekoite-preprod.fr\/pepiniere\/wp-json\/wp\/v2\/types\/product"}],"wp:featuredmedia":[{"embeddable":true,"href":"https:\/\/adekoite-preprod.fr\/pepiniere\/wp-json\/wp\/v2\/media\/6336"}],"wp:attachment":[{"href":"https:\/\/adekoite-preprod.fr\/pepiniere\/wp-json\/wp\/v2\/media?parent=6335"}],"wp:term":[{"taxonomy":"product_brand","embeddable":true,"href":"https:\/\/adekoite-preprod.fr\/pepiniere\/wp-json\/wp\/v2\/product_brand?post=6335"},{"taxonomy":"product_cat","embeddable":true,"href":"https:\/\/adekoite-preprod.fr\/pepiniere\/wp-json\/wp\/v2\/product_cat?post=6335"},{"taxonomy":"product_tag","embeddable":true,"href":"https:\/\/adekoite-preprod.fr\/pepiniere\/wp-json\/wp\/v2\/product_tag?post=6335"}],"curies":[{"name":"wp","href":"https:\/\/api.w.org\/{rel}","templated":true}]}}