{"id":6340,"date":"2025-09-16T15:34:52","date_gmt":"2025-09-16T13:34:52","guid":{"rendered":"https:\/\/adekoite-preprod.fr\/pepiniere\/?post_type=product&#038;p=6340"},"modified":"2026-01-08T17:07:09","modified_gmt":"2026-01-08T16:07:09","slug":"juglans-microcarpa","status":"publish","type":"product","link":"https:\/\/adekoite-preprod.fr\/pepiniere\/produit\/juglans-microcarpa\/","title":{"rendered":"Juglans microcarpa"},"content":{"rendered":"<p>Le <strong>Noyer du Texas<\/strong> (Juglans microcarpa) est un <strong>arbre fruitier et ornemental rare<\/strong>, \u00e0 croissance rapide. Il est id\u00e9al pour les petits et grands jardins, avec une hauteur maximale de 10 m\u00e8tres. Son feuillage caduc fin et d\u00e9licat lui donne une allure l\u00e9g\u00e8re et \u00e9l\u00e9gante. Il est tr\u00e8s rustique (jusqu\u2019\u00e0 -25\u00b0C) et pr\u00e9f\u00e9rera un <strong>sol drainant<\/strong> et une exposition en <strong>plein soleil.<\/strong> Peu exigeant, il se contente d\u2019un sol frais, mais tol\u00e8re les p\u00e9riodes s\u00e8ches. Ses petites noix comestibles, semblables aux noix classiques, se r\u00e9coltent \u00e0 l\u2019automne. Sa croissance rapide permet de profiter rapidement de son ombre et de son charme.<br \/>\nUn arbre robuste, facile \u00e0 cultiver et parfait pour ajouter une touche originale \u00e0 votre jardin.<\/p>\n<h3>Origine de [nom_produit] \ud83c\udf0e<\/h3>\n<p>C\u2019est un arbre originaire du sud des \u00c9tats-Unis et du Mexique. On le retrouve souvent le long des ruisseaux et des rivi\u00e8res.<\/p>\n<h3>Description physique de [nom_produit] \ud83c\udf3f<\/h3>\n<p>Juglans microcarpa est g\u00e9n\u00e9ralement un petit arbre caduc atteignant environ 10 m\u00e8tres de haut. Il poss\u00e8de une \u00e9corce grise, lisse \u00e0 l\u2019\u00e9tat jeune, qui devient rugueuse avec l\u2019\u00e2ge. Ses feuilles compos\u00e9es sont relativement grandes et apportent beaucoup de l\u00e9g\u00e8ret\u00e9. Les fruits ressemblent aux noix que nous connaissons, mais sont beaucoup plus petits (d\u2019o\u00f9 le nom microcarpa). Ils sont comestibles.<\/p>\n<h3>Avantages de [nom_produit] \u2728<\/h3>\n<ul>\n<li><strong>Fruits comestibles<\/strong> : Il produit les plus petites noix parmi les noyers, qui se ramassent et se consomment de la m\u00eame mani\u00e8re que les noix classiques.<\/li>\n<li><strong>Croissance rapide<\/strong> : Sa croissance relativement rapide permet de profiter rapidement de son ombre et de son aspect ornemental.<\/li>\n<li><strong>Adaptabilit\u00e9<\/strong> : Il s\u2019adapte bien \u00e0 diff\u00e9rents types de sols et conditions, tant qu\u2019ils sont bien drain\u00e9s, et peut prosp\u00e9rer dans divers environnements, m\u00eame un peu sec<\/li>\n<\/ul>\n","protected":false},"excerpt":{"rendered":"<p>Juglans microcarpa est un arbre fruitier rare et ornemental. Peu exigeant, il tol\u00e8re bien la s\u00e9cheresse et se montre tr\u00e8s rustique. Adapt\u00e9 aux petits et grands jardins, il produit de petites noix savoureuses, que l\u2019on consomme comme les noix classiques.<\/p>\n","protected":false},"featured_media":6344,"template":"","meta":{"_acf_changed":false},"product_brand":[],"product_cat":[110,169,116],"product_tag":[],"class_list":{"0":"post-6340","1":"product","2":"type-product","3":"status-publish","4":"has-post-thumbnail","6":"product_cat-arbres-et-arbustes","7":"product_cat-comestibles","8":"product_cat-plantes-pour-2050","10":"first","11":"instock","12":"taxable","13":"shipping-taxable","14":"purchasable","15":"product-type-simple"},"acf":[],"yoast_head":"<!-- This site is optimized with the Yoast SEO plugin v27.0 - https:\/\/yoast.com\/product\/yoast-seo-wordpress\/ -->\n<title>Juglans microcarpa, &quot;Noyer \u00e0 petites noix&quot; - P\u00e9pini\u00e8re du Dandelion<\/title>\n<meta name=\"description\" content=\"Juglans microcarpa est un arbre fruitier rare et ornemental. Peu exigeant, il tol\u00e8re bien la s\u00e9cheresse et se montre tr\u00e8s rustique. Adapt\u00e9 aux petits et grands jardins, il produit de petites noix savoureuses, que l\u2019on consomme comme les noix classiques.\" \/>\n<meta name=\"robots\" content=\"noindex, follow, max-snippet:-1, max-image-preview:large, max-video-preview:-1\" \/>\n<meta property=\"og:locale\" content=\"fr_FR\" \/>\n<meta property=\"og:type\" content=\"article\" \/>\n<meta property=\"og:title\" content=\"Juglans microcarpa, &quot;Noyer \u00e0 petites noix&quot; - P\u00e9pini\u00e8re du Dandelion\" \/>\n<meta property=\"og:description\" content=\"Juglans microcarpa est un arbre fruitier rare et ornemental. Peu exigeant, il tol\u00e8re bien la s\u00e9cheresse et se montre tr\u00e8s rustique. Adapt\u00e9 aux petits et grands jardins, il produit de petites noix savoureuses, que l\u2019on consomme comme les noix classiques.\" \/>\n<meta property=\"og:url\" content=\"https:\/\/adekoite-preprod.fr\/pepiniere\/produit\/juglans-microcarpa\/\" \/>\n<meta property=\"og:site_name\" content=\"P\u00e9pini\u00e8re du Dandelion\" \/>\n<meta property=\"article:modified_time\" content=\"2026-01-08T16:07:09+00:00\" \/>\n<meta property=\"og:image\" content=\"https:\/\/adekoite-preprod.fr\/pepiniere\/wp-content\/uploads\/2025\/09\/juglans-microcarpa-2.webp\" \/>\n\t<meta property=\"og:image:width\" content=\"1000\" \/>\n\t<meta property=\"og:image:height\" content=\"750\" \/>\n\t<meta property=\"og:image:type\" content=\"image\/webp\" \/>\n<meta name=\"twitter:card\" content=\"summary_large_image\" \/>\n<meta name=\"twitter:label1\" content=\"Dur\u00e9e de lecture estim\u00e9e\" \/>\n\t<meta name=\"twitter:data1\" content=\"2 minutes\" \/>\n<script type=\"application\/ld+json\" class=\"yoast-schema-graph\">{\"@context\":\"https:\/\/schema.org\",\"@graph\":[{\"@type\":\"WebPage\",\"@id\":\"https:\/\/adekoite-preprod.fr\/pepiniere\/produit\/juglans-microcarpa\/\",\"url\":\"https:\/\/adekoite-preprod.fr\/pepiniere\/produit\/juglans-microcarpa\/\",\"name\":\"Juglans microcarpa, \\\"Noyer \u00e0 petites noix\\\" - P\u00e9pini\u00e8re du Dandelion\",\"isPartOf\":{\"@id\":\"https:\/\/adekoite-preprod.fr\/pepiniere\/#website\"},\"primaryImageOfPage\":{\"@id\":\"https:\/\/adekoite-preprod.fr\/pepiniere\/produit\/juglans-microcarpa\/#primaryimage\"},\"image\":{\"@id\":\"https:\/\/adekoite-preprod.fr\/pepiniere\/produit\/juglans-microcarpa\/#primaryimage\"},\"thumbnailUrl\":\"https:\/\/adekoite-preprod.fr\/pepiniere\/wp-content\/uploads\/2025\/09\/juglans-microcarpa-2.webp\",\"datePublished\":\"2025-09-16T13:34:52+00:00\",\"dateModified\":\"2026-01-08T16:07:09+00:00\",\"description\":\"Juglans microcarpa est un arbre fruitier rare et ornemental. Peu exigeant, il tol\u00e8re bien la s\u00e9cheresse et se montre tr\u00e8s rustique. Adapt\u00e9 aux petits et grands jardins, il produit de petites noix savoureuses, que l\u2019on consomme comme les noix classiques.\",\"breadcrumb\":{\"@id\":\"https:\/\/adekoite-preprod.fr\/pepiniere\/produit\/juglans-microcarpa\/#breadcrumb\"},\"inLanguage\":\"fr-FR\",\"potentialAction\":[{\"@type\":\"ReadAction\",\"target\":[\"https:\/\/adekoite-preprod.fr\/pepiniere\/produit\/juglans-microcarpa\/\"]}]},{\"@type\":\"ImageObject\",\"inLanguage\":\"fr-FR\",\"@id\":\"https:\/\/adekoite-preprod.fr\/pepiniere\/produit\/juglans-microcarpa\/#primaryimage\",\"url\":\"https:\/\/adekoite-preprod.fr\/pepiniere\/wp-content\/uploads\/2025\/09\/juglans-microcarpa-2.webp\",\"contentUrl\":\"https:\/\/adekoite-preprod.fr\/pepiniere\/wp-content\/uploads\/2025\/09\/juglans-microcarpa-2.webp\",\"width\":1000,\"height\":750,\"caption\":\"Juglans microcarpa\"},{\"@type\":\"BreadcrumbList\",\"@id\":\"https:\/\/adekoite-preprod.fr\/pepiniere\/produit\/juglans-microcarpa\/#breadcrumb\",\"itemListElement\":[{\"@type\":\"ListItem\",\"position\":1,\"name\":\"Accueil\",\"item\":\"https:\/\/adekoite-preprod.fr\/pepiniere\/\"},{\"@type\":\"ListItem\",\"position\":2,\"name\":\"Boutique\",\"item\":\"https:\/\/adekoite-preprod.fr\/pepiniere\/boutique\/\"},{\"@type\":\"ListItem\",\"position\":3,\"name\":\"Juglans microcarpa\"}]},{\"@type\":\"WebSite\",\"@id\":\"https:\/\/adekoite-preprod.fr\/pepiniere\/#website\",\"url\":\"https:\/\/adekoite-preprod.fr\/pepiniere\/\",\"name\":\"P\u00e9pini\u00e8re du Dandelion\",\"description\":\"\",\"potentialAction\":[{\"@type\":\"SearchAction\",\"target\":{\"@type\":\"EntryPoint\",\"urlTemplate\":\"https:\/\/adekoite-preprod.fr\/pepiniere\/?s={search_term_string}\"},\"query-input\":{\"@type\":\"PropertyValueSpecification\",\"valueRequired\":true,\"valueName\":\"search_term_string\"}}],\"inLanguage\":\"fr-FR\"}]}<\/script>\n<!-- \/ Yoast SEO plugin. -->","yoast_head_json":{"title":"Juglans microcarpa, \"Noyer \u00e0 petites noix\" - P\u00e9pini\u00e8re du Dandelion","description":"Juglans microcarpa est un arbre fruitier rare et ornemental. Peu exigeant, il tol\u00e8re bien la s\u00e9cheresse et se montre tr\u00e8s rustique. Adapt\u00e9 aux petits et grands jardins, il produit de petites noix savoureuses, que l\u2019on consomme comme les noix classiques.","robots":{"index":"noindex","follow":"follow","max-snippet":"max-snippet:-1","max-image-preview":"max-image-preview:large","max-video-preview":"max-video-preview:-1"},"og_locale":"fr_FR","og_type":"article","og_title":"Juglans microcarpa, \"Noyer \u00e0 petites noix\" - P\u00e9pini\u00e8re du Dandelion","og_description":"Juglans microcarpa est un arbre fruitier rare et ornemental. Peu exigeant, il tol\u00e8re bien la s\u00e9cheresse et se montre tr\u00e8s rustique. Adapt\u00e9 aux petits et grands jardins, il produit de petites noix savoureuses, que l\u2019on consomme comme les noix classiques.","og_url":"https:\/\/adekoite-preprod.fr\/pepiniere\/produit\/juglans-microcarpa\/","og_site_name":"P\u00e9pini\u00e8re du Dandelion","article_modified_time":"2026-01-08T16:07:09+00:00","og_image":[{"width":1000,"height":750,"url":"https:\/\/adekoite-preprod.fr\/pepiniere\/wp-content\/uploads\/2025\/09\/juglans-microcarpa-2.webp","type":"image\/webp"}],"twitter_card":"summary_large_image","twitter_misc":{"Dur\u00e9e de lecture estim\u00e9e":"2 minutes"},"schema":{"@context":"https:\/\/schema.org","@graph":[{"@type":"WebPage","@id":"https:\/\/adekoite-preprod.fr\/pepiniere\/produit\/juglans-microcarpa\/","url":"https:\/\/adekoite-preprod.fr\/pepiniere\/produit\/juglans-microcarpa\/","name":"Juglans microcarpa, \"Noyer \u00e0 petites noix\" - P\u00e9pini\u00e8re du Dandelion","isPartOf":{"@id":"https:\/\/adekoite-preprod.fr\/pepiniere\/#website"},"primaryImageOfPage":{"@id":"https:\/\/adekoite-preprod.fr\/pepiniere\/produit\/juglans-microcarpa\/#primaryimage"},"image":{"@id":"https:\/\/adekoite-preprod.fr\/pepiniere\/produit\/juglans-microcarpa\/#primaryimage"},"thumbnailUrl":"https:\/\/adekoite-preprod.fr\/pepiniere\/wp-content\/uploads\/2025\/09\/juglans-microcarpa-2.webp","datePublished":"2025-09-16T13:34:52+00:00","dateModified":"2026-01-08T16:07:09+00:00","description":"Juglans microcarpa est un arbre fruitier rare et ornemental. Peu exigeant, il tol\u00e8re bien la s\u00e9cheresse et se montre tr\u00e8s rustique. Adapt\u00e9 aux petits et grands jardins, il produit de petites noix savoureuses, que l\u2019on consomme comme les noix classiques.","breadcrumb":{"@id":"https:\/\/adekoite-preprod.fr\/pepiniere\/produit\/juglans-microcarpa\/#breadcrumb"},"inLanguage":"fr-FR","potentialAction":[{"@type":"ReadAction","target":["https:\/\/adekoite-preprod.fr\/pepiniere\/produit\/juglans-microcarpa\/"]}]},{"@type":"ImageObject","inLanguage":"fr-FR","@id":"https:\/\/adekoite-preprod.fr\/pepiniere\/produit\/juglans-microcarpa\/#primaryimage","url":"https:\/\/adekoite-preprod.fr\/pepiniere\/wp-content\/uploads\/2025\/09\/juglans-microcarpa-2.webp","contentUrl":"https:\/\/adekoite-preprod.fr\/pepiniere\/wp-content\/uploads\/2025\/09\/juglans-microcarpa-2.webp","width":1000,"height":750,"caption":"Juglans microcarpa"},{"@type":"BreadcrumbList","@id":"https:\/\/adekoite-preprod.fr\/pepiniere\/produit\/juglans-microcarpa\/#breadcrumb","itemListElement":[{"@type":"ListItem","position":1,"name":"Accueil","item":"https:\/\/adekoite-preprod.fr\/pepiniere\/"},{"@type":"ListItem","position":2,"name":"Boutique","item":"https:\/\/adekoite-preprod.fr\/pepiniere\/boutique\/"},{"@type":"ListItem","position":3,"name":"Juglans microcarpa"}]},{"@type":"WebSite","@id":"https:\/\/adekoite-preprod.fr\/pepiniere\/#website","url":"https:\/\/adekoite-preprod.fr\/pepiniere\/","name":"P\u00e9pini\u00e8re du Dandelion","description":"","potentialAction":[{"@type":"SearchAction","target":{"@type":"EntryPoint","urlTemplate":"https:\/\/adekoite-preprod.fr\/pepiniere\/?s={search_term_string}"},"query-input":{"@type":"PropertyValueSpecification","valueRequired":true,"valueName":"search_term_string"}}],"inLanguage":"fr-FR"}]}},"_links":{"self":[{"href":"https:\/\/adekoite-preprod.fr\/pepiniere\/wp-json\/wp\/v2\/product\/6340","targetHints":{"allow":["GET"]}}],"collection":[{"href":"https:\/\/adekoite-preprod.fr\/pepiniere\/wp-json\/wp\/v2\/product"}],"about":[{"href":"https:\/\/adekoite-preprod.fr\/pepiniere\/wp-json\/wp\/v2\/types\/product"}],"wp:featuredmedia":[{"embeddable":true,"href":"https:\/\/adekoite-preprod.fr\/pepiniere\/wp-json\/wp\/v2\/media\/6344"}],"wp:attachment":[{"href":"https:\/\/adekoite-preprod.fr\/pepiniere\/wp-json\/wp\/v2\/media?parent=6340"}],"wp:term":[{"taxonomy":"product_brand","embeddable":true,"href":"https:\/\/adekoite-preprod.fr\/pepiniere\/wp-json\/wp\/v2\/product_brand?post=6340"},{"taxonomy":"product_cat","embeddable":true,"href":"https:\/\/adekoite-preprod.fr\/pepiniere\/wp-json\/wp\/v2\/product_cat?post=6340"},{"taxonomy":"product_tag","embeddable":true,"href":"https:\/\/adekoite-preprod.fr\/pepiniere\/wp-json\/wp\/v2\/product_tag?post=6340"}],"curies":[{"name":"wp","href":"https:\/\/api.w.org\/{rel}","templated":true}]}}