{"id":6394,"date":"2025-09-18T09:15:52","date_gmt":"2025-09-18T07:15:52","guid":{"rendered":"https:\/\/adekoite-preprod.fr\/pepiniere\/?post_type=product&#038;p=6394"},"modified":"2026-01-08T17:08:12","modified_gmt":"2026-01-08T16:08:12","slug":"quercus-macrocarpa","status":"publish","type":"product","link":"https:\/\/adekoite-preprod.fr\/pepiniere\/produit\/quercus-macrocarpa\/","title":{"rendered":"Quercus macrocarpa"},"content":{"rendered":"<p>Le Ch\u00eane \u00e0 gros gland est un grand arbre pouvant atteindre jusqu\u2019\u00e0 25 m\u00e8tres de haut.<br \/>\nTr\u00e8s robuste, il s\u2019adapte \u00e0 presque tous les sols (argileux, sableux) et tol\u00e8re la pollution urbaine ainsi que la s\u00e9cheresse estivale une fois install\u00e9. R\u00e9sistant au froid (jusqu\u2019\u00e0 -30 \u00b0C), il pr\u00e9f\u00e8re une <strong>exposition en plein solei<\/strong>l et demande peu d\u2019entretien.<br \/>\nUn arbre majestueux, r\u00e9silient et facile \u00e0 cultiver, <strong>id\u00e9al pour tous ceux qui ont suffisamment d\u2019espace pour l\u2019accueillir<\/strong>, y compris en ville.<\/p>\n<h3>Origine de [nom_produit] \ud83c\udf0e<\/h3>\n<p>Il est originaire de l\u2019est de l\u2019Am\u00e9rique du Nord.<\/p>\n<h3>Description physique de [nom_produit] \ud83c\udf3f<\/h3>\n<p>C\u2019est un arbre qui peut atteindre et d\u00e9passer 25 m de haut. Son \u00e9corce pr\u00e9sente des cr\u00eates pro\u00e9minentes et fermes. Les feuilles vertes luisantes sont lob\u00e9es et disparaissent \u00e0 la mauvaise saison. Les glands, qui sont une caract\u00e9ristique distinctive de cet arbre, mesurent jusqu\u2019\u00e0 4 cm et sont ench\u00e2ss\u00e9s dans une coque d\u00e9veloppant de nombreux appendices.<\/p>\n<h3>Avantages de [nom_produit] \u2728<\/h3>\n<ul>\n<li><strong>Faible entretien et adaptabilit\u00e9<\/strong> : une fois \u00e9tabli, il n\u00e9cessite peu de soins et est tr\u00e8s r\u00e9sistant \u00e0 la s\u00e9cheresse. Il s\u2019adapte \u00e0 une large gamme de types de sols et est indiff\u00e9rent au pH.<\/li>\n<li><strong>R\u00e9sistance aux conditions urbaines<\/strong> : il tol\u00e8re la pollution urbaine.<\/li>\n<li><strong>R\u00e9sistance au froid<\/strong> : sa tr\u00e8s bonne rusticit\u00e9 lui permet de survivre \u00e0 des temp\u00e9ratures tr\u00e8s basses, jusqu\u2019\u00e0 -30 \u00b0C.<\/li>\n<\/ul>\n","protected":false},"excerpt":{"rendered":"<p>Quercus macrocarpa est un arbre long\u00e9vif caduc au port majestueux. Il est remarquable pour la taille de ses glands, distinction qui lui a valu son nom de Ch\u00eane \u00e0 gros gland. C\u2019est un arbre robuste qui s\u2019adapte \u00e0 diverses conditions environnementales et qui est un bon candidat pour peupler nos villes, parcs et jardins \u00e0 l\u2019heure o\u00f9 les conditions climatiques peuvent \u00eatre de plus en plus rudes.<\/p>\n","protected":false},"featured_media":6395,"template":"","meta":{"_acf_changed":false},"product_brand":[],"product_cat":[110,116],"product_tag":[],"class_list":{"0":"post-6394","1":"product","2":"type-product","3":"status-publish","4":"has-post-thumbnail","6":"product_cat-arbres-et-arbustes","7":"product_cat-plantes-pour-2050","9":"first","10":"instock","11":"taxable","12":"shipping-taxable","13":"purchasable","14":"product-type-simple"},"acf":[],"yoast_head":"<!-- This site is optimized with the Yoast SEO plugin v27.0 - https:\/\/yoast.com\/product\/yoast-seo-wordpress\/ -->\n<title>Achat en ligne de Quercus macrocarpa &quot;Ch\u00eane \u00e0 gros glands&quot; P\u00e9pini\u00e8re du Dandelion<\/title>\n<meta name=\"description\" content=\"Quercus macrocarpa est un arbre long\u00e9vif caduc au port majestueux. Il est remarquable pour la taille de ses glands, distinction qui lui a valu son nom de Ch\u00eane \u00e0 gros gland.\" \/>\n<meta name=\"robots\" content=\"noindex, follow, max-snippet:-1, max-image-preview:large, max-video-preview:-1\" \/>\n<meta property=\"og:locale\" content=\"fr_FR\" \/>\n<meta property=\"og:type\" content=\"article\" \/>\n<meta property=\"og:title\" content=\"Achat en ligne de Quercus macrocarpa &quot;Ch\u00eane \u00e0 gros glands&quot; P\u00e9pini\u00e8re du Dandelion\" \/>\n<meta property=\"og:description\" content=\"Quercus macrocarpa est un arbre long\u00e9vif caduc au port majestueux. Il est remarquable pour la taille de ses glands, distinction qui lui a valu son nom de Ch\u00eane \u00e0 gros gland.\" \/>\n<meta property=\"og:url\" content=\"https:\/\/adekoite-preprod.fr\/pepiniere\/produit\/quercus-macrocarpa\/\" \/>\n<meta property=\"og:site_name\" content=\"P\u00e9pini\u00e8re du Dandelion\" \/>\n<meta property=\"article:modified_time\" content=\"2026-01-08T16:08:12+00:00\" \/>\n<meta property=\"og:image\" content=\"https:\/\/adekoite-preprod.fr\/pepiniere\/wp-content\/uploads\/2025\/09\/quercus-macrocarpa-2.webp\" \/>\n\t<meta property=\"og:image:width\" content=\"1000\" \/>\n\t<meta property=\"og:image:height\" content=\"894\" \/>\n\t<meta property=\"og:image:type\" content=\"image\/webp\" \/>\n<meta name=\"twitter:card\" content=\"summary_large_image\" \/>\n<meta name=\"twitter:label1\" content=\"Dur\u00e9e de lecture estim\u00e9e\" \/>\n\t<meta name=\"twitter:data1\" content=\"2 minutes\" \/>\n<script type=\"application\/ld+json\" class=\"yoast-schema-graph\">{\"@context\":\"https:\/\/schema.org\",\"@graph\":[{\"@type\":\"WebPage\",\"@id\":\"https:\/\/adekoite-preprod.fr\/pepiniere\/produit\/quercus-macrocarpa\/\",\"url\":\"https:\/\/adekoite-preprod.fr\/pepiniere\/produit\/quercus-macrocarpa\/\",\"name\":\"Achat en ligne de Quercus macrocarpa \\\"Ch\u00eane \u00e0 gros glands\\\" P\u00e9pini\u00e8re du Dandelion\",\"isPartOf\":{\"@id\":\"https:\/\/adekoite-preprod.fr\/pepiniere\/#website\"},\"primaryImageOfPage\":{\"@id\":\"https:\/\/adekoite-preprod.fr\/pepiniere\/produit\/quercus-macrocarpa\/#primaryimage\"},\"image\":{\"@id\":\"https:\/\/adekoite-preprod.fr\/pepiniere\/produit\/quercus-macrocarpa\/#primaryimage\"},\"thumbnailUrl\":\"https:\/\/adekoite-preprod.fr\/pepiniere\/wp-content\/uploads\/2025\/09\/quercus-macrocarpa-2.webp\",\"datePublished\":\"2025-09-18T07:15:52+00:00\",\"dateModified\":\"2026-01-08T16:08:12+00:00\",\"description\":\"Quercus macrocarpa est un arbre long\u00e9vif caduc au port majestueux. Il est remarquable pour la taille de ses glands, distinction qui lui a valu son nom de Ch\u00eane \u00e0 gros gland.\",\"breadcrumb\":{\"@id\":\"https:\/\/adekoite-preprod.fr\/pepiniere\/produit\/quercus-macrocarpa\/#breadcrumb\"},\"inLanguage\":\"fr-FR\",\"potentialAction\":[{\"@type\":\"ReadAction\",\"target\":[\"https:\/\/adekoite-preprod.fr\/pepiniere\/produit\/quercus-macrocarpa\/\"]}]},{\"@type\":\"ImageObject\",\"inLanguage\":\"fr-FR\",\"@id\":\"https:\/\/adekoite-preprod.fr\/pepiniere\/produit\/quercus-macrocarpa\/#primaryimage\",\"url\":\"https:\/\/adekoite-preprod.fr\/pepiniere\/wp-content\/uploads\/2025\/09\/quercus-macrocarpa-2.webp\",\"contentUrl\":\"https:\/\/adekoite-preprod.fr\/pepiniere\/wp-content\/uploads\/2025\/09\/quercus-macrocarpa-2.webp\",\"width\":1000,\"height\":894,\"caption\":\"Ch\u00eane \u00e0 gros gland\"},{\"@type\":\"BreadcrumbList\",\"@id\":\"https:\/\/adekoite-preprod.fr\/pepiniere\/produit\/quercus-macrocarpa\/#breadcrumb\",\"itemListElement\":[{\"@type\":\"ListItem\",\"position\":1,\"name\":\"Accueil\",\"item\":\"https:\/\/adekoite-preprod.fr\/pepiniere\/\"},{\"@type\":\"ListItem\",\"position\":2,\"name\":\"Boutique\",\"item\":\"https:\/\/adekoite-preprod.fr\/pepiniere\/boutique\/\"},{\"@type\":\"ListItem\",\"position\":3,\"name\":\"Quercus macrocarpa\"}]},{\"@type\":\"WebSite\",\"@id\":\"https:\/\/adekoite-preprod.fr\/pepiniere\/#website\",\"url\":\"https:\/\/adekoite-preprod.fr\/pepiniere\/\",\"name\":\"P\u00e9pini\u00e8re du Dandelion\",\"description\":\"\",\"potentialAction\":[{\"@type\":\"SearchAction\",\"target\":{\"@type\":\"EntryPoint\",\"urlTemplate\":\"https:\/\/adekoite-preprod.fr\/pepiniere\/?s={search_term_string}\"},\"query-input\":{\"@type\":\"PropertyValueSpecification\",\"valueRequired\":true,\"valueName\":\"search_term_string\"}}],\"inLanguage\":\"fr-FR\"}]}<\/script>\n<!-- \/ Yoast SEO plugin. -->","yoast_head_json":{"title":"Achat en ligne de Quercus macrocarpa \"Ch\u00eane \u00e0 gros glands\" P\u00e9pini\u00e8re du Dandelion","description":"Quercus macrocarpa est un arbre long\u00e9vif caduc au port majestueux. Il est remarquable pour la taille de ses glands, distinction qui lui a valu son nom de Ch\u00eane \u00e0 gros gland.","robots":{"index":"noindex","follow":"follow","max-snippet":"max-snippet:-1","max-image-preview":"max-image-preview:large","max-video-preview":"max-video-preview:-1"},"og_locale":"fr_FR","og_type":"article","og_title":"Achat en ligne de Quercus macrocarpa \"Ch\u00eane \u00e0 gros glands\" P\u00e9pini\u00e8re du Dandelion","og_description":"Quercus macrocarpa est un arbre long\u00e9vif caduc au port majestueux. Il est remarquable pour la taille de ses glands, distinction qui lui a valu son nom de Ch\u00eane \u00e0 gros gland.","og_url":"https:\/\/adekoite-preprod.fr\/pepiniere\/produit\/quercus-macrocarpa\/","og_site_name":"P\u00e9pini\u00e8re du Dandelion","article_modified_time":"2026-01-08T16:08:12+00:00","og_image":[{"width":1000,"height":894,"url":"https:\/\/adekoite-preprod.fr\/pepiniere\/wp-content\/uploads\/2025\/09\/quercus-macrocarpa-2.webp","type":"image\/webp"}],"twitter_card":"summary_large_image","twitter_misc":{"Dur\u00e9e de lecture estim\u00e9e":"2 minutes"},"schema":{"@context":"https:\/\/schema.org","@graph":[{"@type":"WebPage","@id":"https:\/\/adekoite-preprod.fr\/pepiniere\/produit\/quercus-macrocarpa\/","url":"https:\/\/adekoite-preprod.fr\/pepiniere\/produit\/quercus-macrocarpa\/","name":"Achat en ligne de Quercus macrocarpa \"Ch\u00eane \u00e0 gros glands\" P\u00e9pini\u00e8re du Dandelion","isPartOf":{"@id":"https:\/\/adekoite-preprod.fr\/pepiniere\/#website"},"primaryImageOfPage":{"@id":"https:\/\/adekoite-preprod.fr\/pepiniere\/produit\/quercus-macrocarpa\/#primaryimage"},"image":{"@id":"https:\/\/adekoite-preprod.fr\/pepiniere\/produit\/quercus-macrocarpa\/#primaryimage"},"thumbnailUrl":"https:\/\/adekoite-preprod.fr\/pepiniere\/wp-content\/uploads\/2025\/09\/quercus-macrocarpa-2.webp","datePublished":"2025-09-18T07:15:52+00:00","dateModified":"2026-01-08T16:08:12+00:00","description":"Quercus macrocarpa est un arbre long\u00e9vif caduc au port majestueux. Il est remarquable pour la taille de ses glands, distinction qui lui a valu son nom de Ch\u00eane \u00e0 gros gland.","breadcrumb":{"@id":"https:\/\/adekoite-preprod.fr\/pepiniere\/produit\/quercus-macrocarpa\/#breadcrumb"},"inLanguage":"fr-FR","potentialAction":[{"@type":"ReadAction","target":["https:\/\/adekoite-preprod.fr\/pepiniere\/produit\/quercus-macrocarpa\/"]}]},{"@type":"ImageObject","inLanguage":"fr-FR","@id":"https:\/\/adekoite-preprod.fr\/pepiniere\/produit\/quercus-macrocarpa\/#primaryimage","url":"https:\/\/adekoite-preprod.fr\/pepiniere\/wp-content\/uploads\/2025\/09\/quercus-macrocarpa-2.webp","contentUrl":"https:\/\/adekoite-preprod.fr\/pepiniere\/wp-content\/uploads\/2025\/09\/quercus-macrocarpa-2.webp","width":1000,"height":894,"caption":"Ch\u00eane \u00e0 gros gland"},{"@type":"BreadcrumbList","@id":"https:\/\/adekoite-preprod.fr\/pepiniere\/produit\/quercus-macrocarpa\/#breadcrumb","itemListElement":[{"@type":"ListItem","position":1,"name":"Accueil","item":"https:\/\/adekoite-preprod.fr\/pepiniere\/"},{"@type":"ListItem","position":2,"name":"Boutique","item":"https:\/\/adekoite-preprod.fr\/pepiniere\/boutique\/"},{"@type":"ListItem","position":3,"name":"Quercus macrocarpa"}]},{"@type":"WebSite","@id":"https:\/\/adekoite-preprod.fr\/pepiniere\/#website","url":"https:\/\/adekoite-preprod.fr\/pepiniere\/","name":"P\u00e9pini\u00e8re du Dandelion","description":"","potentialAction":[{"@type":"SearchAction","target":{"@type":"EntryPoint","urlTemplate":"https:\/\/adekoite-preprod.fr\/pepiniere\/?s={search_term_string}"},"query-input":{"@type":"PropertyValueSpecification","valueRequired":true,"valueName":"search_term_string"}}],"inLanguage":"fr-FR"}]}},"_links":{"self":[{"href":"https:\/\/adekoite-preprod.fr\/pepiniere\/wp-json\/wp\/v2\/product\/6394","targetHints":{"allow":["GET"]}}],"collection":[{"href":"https:\/\/adekoite-preprod.fr\/pepiniere\/wp-json\/wp\/v2\/product"}],"about":[{"href":"https:\/\/adekoite-preprod.fr\/pepiniere\/wp-json\/wp\/v2\/types\/product"}],"wp:featuredmedia":[{"embeddable":true,"href":"https:\/\/adekoite-preprod.fr\/pepiniere\/wp-json\/wp\/v2\/media\/6395"}],"wp:attachment":[{"href":"https:\/\/adekoite-preprod.fr\/pepiniere\/wp-json\/wp\/v2\/media?parent=6394"}],"wp:term":[{"taxonomy":"product_brand","embeddable":true,"href":"https:\/\/adekoite-preprod.fr\/pepiniere\/wp-json\/wp\/v2\/product_brand?post=6394"},{"taxonomy":"product_cat","embeddable":true,"href":"https:\/\/adekoite-preprod.fr\/pepiniere\/wp-json\/wp\/v2\/product_cat?post=6394"},{"taxonomy":"product_tag","embeddable":true,"href":"https:\/\/adekoite-preprod.fr\/pepiniere\/wp-json\/wp\/v2\/product_tag?post=6394"}],"curies":[{"name":"wp","href":"https:\/\/api.w.org\/{rel}","templated":true}]}}