{"id":6403,"date":"2025-09-18T10:09:19","date_gmt":"2025-09-18T08:09:19","guid":{"rendered":"https:\/\/adekoite-preprod.fr\/pepiniere\/?post_type=product&#038;p=6403"},"modified":"2026-01-08T17:08:37","modified_gmt":"2026-01-08T16:08:37","slug":"sophora-davidii","status":"publish","type":"product","link":"https:\/\/adekoite-preprod.fr\/pepiniere\/produit\/sophora-davidii\/","title":{"rendered":"Sophora davidii"},"content":{"rendered":"<p>Sophora davidii est un petit arbuste peu commun originaire d\u2019Asie temp\u00e9r\u00e9e qui ne d\u00e9passe pas 3 m\u00e8tres de haut. C\u2019est le plus compact des Sophora, id\u00e9al pour les jardins de taille modeste.<br \/>\nDe croissance lente, il offre une<strong> jolie floraison estivale<\/strong> (mai \u00e0 juillet), compos\u00e9e de petites fleurs blanches \u00e0 base bleue, tr\u00e8s pris\u00e9es des pollinisateurs.<br \/>\nExtr\u00eamement tol\u00e9rant, il s\u2019adapte \u00e0 tous les sols drainants, <strong>r\u00e9siste \u00e0 la s\u00e9cheresse<\/strong>, \u00e0 la chaleur et m\u00eame \u00e0 la pollution urbaine. Rustique jusqu\u2019\u00e0 -15 \u00b0C, il aime le plein soleil et supporte bien la taille, ce qui en fait un excellent choix pour les haies ou les talus.<\/p>\n<h3>Origine de [nom_produit] \ud83c\udf0e<\/h3>\n<p>Sophora davidii est originaire des provinces chinoises du Yunnan, du Szechwan et du Hupeh.<\/p>\n<h3>Description physique de [nom_produit] \ud83c\udf3f<\/h3>\n<p>Cet arbuste \u00e0 feuilles caduques a un port arrondi et peut atteindre 3 m\u00e8tres de haut. Il est de croissance plut\u00f4t lente. Les feuilles sont penn\u00e9es, avec jusqu\u2019\u00e0 dix paires de folioles ovales.<br \/>\nSophora davidii offre une jolie floraison de mai \u00e0 juillet, compos\u00e9e d\u2019une multitude de petites fleurs, typiques de la famille des pois, blanches \u00e0 la base bleue. Elle est tr\u00e8s appr\u00e9ci\u00e9e des pollinisateurs.<\/p>\n<h3>Avantages de [nom_produit] \u2728<\/h3>\n<ul>\n<li><strong>Ornemental<\/strong> : forme harmonieuse et floraison blanche et bleue mellif\u00e8re.<\/li>\n<li><strong>Adaptabilit\u00e9<\/strong> : il s\u2019adapte \u00e0 divers types de sols et conditions, ce qui en fait une plante facile \u00e0 cultiver.<\/li>\n<li><strong>R\u00e9sistance aux conditions urbaines<\/strong> : il tol\u00e8re bien la pollution urbaine.<\/li>\n<li><strong>R\u00e9sistance au froid et \u00e0 la s\u00e9cheresse<\/strong> : rustique jusqu\u2019\u00e0 -15 \u00b0C, il r\u00e9siste bien \u00e0 la chaleur et \u00e0 la s\u00e9cheresse.<\/li>\n<li><strong>Utilisation en am\u00e9nagement paysager<\/strong> : il supporte bien la taille et s\u2019adapte \u00e0 la formation de haies ou au renforcement de talus.<\/li>\n<\/ul>\n","protected":false},"excerpt":{"rendered":"<p>Sophora du P\u00e8re David (Sophora davidii) est un petit arbuste, c\u2019est m\u00eame le plus petit repr\u00e9sentant du genre Sophora.<br \/>\nBien que peu r\u00e9pandu dans les jardins, c\u2019est une plante facile \u00e0 cultiver, peu exigeante et florif\u00e8re, qui apporte une touche de charme et de simplicit\u00e9.<\/p>\n","protected":false},"featured_media":6404,"template":"","meta":{"_acf_changed":false},"product_brand":[],"product_cat":[110],"product_tag":[],"class_list":{"0":"post-6403","1":"product","2":"type-product","3":"status-publish","4":"has-post-thumbnail","6":"product_cat-arbres-et-arbustes","8":"first","9":"instock","10":"taxable","11":"shipping-taxable","12":"purchasable","13":"product-type-simple"},"acf":[],"yoast_head":"<!-- This site is optimized with the Yoast SEO plugin v27.0 - https:\/\/yoast.com\/product\/yoast-seo-wordpress\/ -->\n<title>Arbuste Sophora du P\u00e8re David (Sophora davidii) - P\u00e9pini\u00e8re du Dandelion<\/title>\n<meta name=\"description\" content=\"Plus petit repr\u00e9sentant du genre Sophora. Bien que peu r\u00e9pandu dans les jardins, c\u2019est une plante facile \u00e0 cultiver, peu exigeante et florif\u00e8re.\" \/>\n<meta name=\"robots\" content=\"noindex, follow, max-snippet:-1, max-image-preview:large, max-video-preview:-1\" \/>\n<meta property=\"og:locale\" content=\"fr_FR\" \/>\n<meta property=\"og:type\" content=\"article\" \/>\n<meta property=\"og:title\" content=\"Arbuste Sophora du P\u00e8re David (Sophora davidii) - P\u00e9pini\u00e8re du Dandelion\" \/>\n<meta property=\"og:description\" content=\"Plus petit repr\u00e9sentant du genre Sophora. Bien que peu r\u00e9pandu dans les jardins, c\u2019est une plante facile \u00e0 cultiver, peu exigeante et florif\u00e8re.\" \/>\n<meta property=\"og:url\" content=\"https:\/\/adekoite-preprod.fr\/pepiniere\/produit\/sophora-davidii\/\" \/>\n<meta property=\"og:site_name\" content=\"P\u00e9pini\u00e8re du Dandelion\" \/>\n<meta property=\"article:modified_time\" content=\"2026-01-08T16:08:37+00:00\" \/>\n<meta property=\"og:image\" content=\"https:\/\/adekoite-preprod.fr\/pepiniere\/wp-content\/uploads\/2025\/09\/sophora-davidii-2.webp\" \/>\n\t<meta property=\"og:image:width\" content=\"1000\" \/>\n\t<meta property=\"og:image:height\" content=\"750\" \/>\n\t<meta property=\"og:image:type\" content=\"image\/webp\" \/>\n<meta name=\"twitter:card\" content=\"summary_large_image\" \/>\n<meta name=\"twitter:label1\" content=\"Dur\u00e9e de lecture estim\u00e9e\" \/>\n\t<meta name=\"twitter:data1\" content=\"2 minutes\" \/>\n<script type=\"application\/ld+json\" class=\"yoast-schema-graph\">{\"@context\":\"https:\/\/schema.org\",\"@graph\":[{\"@type\":\"WebPage\",\"@id\":\"https:\/\/adekoite-preprod.fr\/pepiniere\/produit\/sophora-davidii\/\",\"url\":\"https:\/\/adekoite-preprod.fr\/pepiniere\/produit\/sophora-davidii\/\",\"name\":\"Arbuste Sophora du P\u00e8re David (Sophora davidii) - P\u00e9pini\u00e8re du Dandelion\",\"isPartOf\":{\"@id\":\"https:\/\/adekoite-preprod.fr\/pepiniere\/#website\"},\"primaryImageOfPage\":{\"@id\":\"https:\/\/adekoite-preprod.fr\/pepiniere\/produit\/sophora-davidii\/#primaryimage\"},\"image\":{\"@id\":\"https:\/\/adekoite-preprod.fr\/pepiniere\/produit\/sophora-davidii\/#primaryimage\"},\"thumbnailUrl\":\"https:\/\/adekoite-preprod.fr\/pepiniere\/wp-content\/uploads\/2025\/09\/sophora-davidii-2.webp\",\"datePublished\":\"2025-09-18T08:09:19+00:00\",\"dateModified\":\"2026-01-08T16:08:37+00:00\",\"description\":\"Plus petit repr\u00e9sentant du genre Sophora. Bien que peu r\u00e9pandu dans les jardins, c\u2019est une plante facile \u00e0 cultiver, peu exigeante et florif\u00e8re.\",\"breadcrumb\":{\"@id\":\"https:\/\/adekoite-preprod.fr\/pepiniere\/produit\/sophora-davidii\/#breadcrumb\"},\"inLanguage\":\"fr-FR\",\"potentialAction\":[{\"@type\":\"ReadAction\",\"target\":[\"https:\/\/adekoite-preprod.fr\/pepiniere\/produit\/sophora-davidii\/\"]}]},{\"@type\":\"ImageObject\",\"inLanguage\":\"fr-FR\",\"@id\":\"https:\/\/adekoite-preprod.fr\/pepiniere\/produit\/sophora-davidii\/#primaryimage\",\"url\":\"https:\/\/adekoite-preprod.fr\/pepiniere\/wp-content\/uploads\/2025\/09\/sophora-davidii-2.webp\",\"contentUrl\":\"https:\/\/adekoite-preprod.fr\/pepiniere\/wp-content\/uploads\/2025\/09\/sophora-davidii-2.webp\",\"width\":1000,\"height\":750,\"caption\":\"Sophora du P\u00e8re David\"},{\"@type\":\"BreadcrumbList\",\"@id\":\"https:\/\/adekoite-preprod.fr\/pepiniere\/produit\/sophora-davidii\/#breadcrumb\",\"itemListElement\":[{\"@type\":\"ListItem\",\"position\":1,\"name\":\"Accueil\",\"item\":\"https:\/\/adekoite-preprod.fr\/pepiniere\/\"},{\"@type\":\"ListItem\",\"position\":2,\"name\":\"Boutique\",\"item\":\"https:\/\/adekoite-preprod.fr\/pepiniere\/boutique\/\"},{\"@type\":\"ListItem\",\"position\":3,\"name\":\"Sophora davidii\"}]},{\"@type\":\"WebSite\",\"@id\":\"https:\/\/adekoite-preprod.fr\/pepiniere\/#website\",\"url\":\"https:\/\/adekoite-preprod.fr\/pepiniere\/\",\"name\":\"P\u00e9pini\u00e8re du Dandelion\",\"description\":\"\",\"potentialAction\":[{\"@type\":\"SearchAction\",\"target\":{\"@type\":\"EntryPoint\",\"urlTemplate\":\"https:\/\/adekoite-preprod.fr\/pepiniere\/?s={search_term_string}\"},\"query-input\":{\"@type\":\"PropertyValueSpecification\",\"valueRequired\":true,\"valueName\":\"search_term_string\"}}],\"inLanguage\":\"fr-FR\"}]}<\/script>\n<!-- \/ Yoast SEO plugin. -->","yoast_head_json":{"title":"Arbuste Sophora du P\u00e8re David (Sophora davidii) - P\u00e9pini\u00e8re du Dandelion","description":"Plus petit repr\u00e9sentant du genre Sophora. Bien que peu r\u00e9pandu dans les jardins, c\u2019est une plante facile \u00e0 cultiver, peu exigeante et florif\u00e8re.","robots":{"index":"noindex","follow":"follow","max-snippet":"max-snippet:-1","max-image-preview":"max-image-preview:large","max-video-preview":"max-video-preview:-1"},"og_locale":"fr_FR","og_type":"article","og_title":"Arbuste Sophora du P\u00e8re David (Sophora davidii) - P\u00e9pini\u00e8re du Dandelion","og_description":"Plus petit repr\u00e9sentant du genre Sophora. Bien que peu r\u00e9pandu dans les jardins, c\u2019est une plante facile \u00e0 cultiver, peu exigeante et florif\u00e8re.","og_url":"https:\/\/adekoite-preprod.fr\/pepiniere\/produit\/sophora-davidii\/","og_site_name":"P\u00e9pini\u00e8re du Dandelion","article_modified_time":"2026-01-08T16:08:37+00:00","og_image":[{"width":1000,"height":750,"url":"https:\/\/adekoite-preprod.fr\/pepiniere\/wp-content\/uploads\/2025\/09\/sophora-davidii-2.webp","type":"image\/webp"}],"twitter_card":"summary_large_image","twitter_misc":{"Dur\u00e9e de lecture estim\u00e9e":"2 minutes"},"schema":{"@context":"https:\/\/schema.org","@graph":[{"@type":"WebPage","@id":"https:\/\/adekoite-preprod.fr\/pepiniere\/produit\/sophora-davidii\/","url":"https:\/\/adekoite-preprod.fr\/pepiniere\/produit\/sophora-davidii\/","name":"Arbuste Sophora du P\u00e8re David (Sophora davidii) - P\u00e9pini\u00e8re du Dandelion","isPartOf":{"@id":"https:\/\/adekoite-preprod.fr\/pepiniere\/#website"},"primaryImageOfPage":{"@id":"https:\/\/adekoite-preprod.fr\/pepiniere\/produit\/sophora-davidii\/#primaryimage"},"image":{"@id":"https:\/\/adekoite-preprod.fr\/pepiniere\/produit\/sophora-davidii\/#primaryimage"},"thumbnailUrl":"https:\/\/adekoite-preprod.fr\/pepiniere\/wp-content\/uploads\/2025\/09\/sophora-davidii-2.webp","datePublished":"2025-09-18T08:09:19+00:00","dateModified":"2026-01-08T16:08:37+00:00","description":"Plus petit repr\u00e9sentant du genre Sophora. Bien que peu r\u00e9pandu dans les jardins, c\u2019est une plante facile \u00e0 cultiver, peu exigeante et florif\u00e8re.","breadcrumb":{"@id":"https:\/\/adekoite-preprod.fr\/pepiniere\/produit\/sophora-davidii\/#breadcrumb"},"inLanguage":"fr-FR","potentialAction":[{"@type":"ReadAction","target":["https:\/\/adekoite-preprod.fr\/pepiniere\/produit\/sophora-davidii\/"]}]},{"@type":"ImageObject","inLanguage":"fr-FR","@id":"https:\/\/adekoite-preprod.fr\/pepiniere\/produit\/sophora-davidii\/#primaryimage","url":"https:\/\/adekoite-preprod.fr\/pepiniere\/wp-content\/uploads\/2025\/09\/sophora-davidii-2.webp","contentUrl":"https:\/\/adekoite-preprod.fr\/pepiniere\/wp-content\/uploads\/2025\/09\/sophora-davidii-2.webp","width":1000,"height":750,"caption":"Sophora du P\u00e8re David"},{"@type":"BreadcrumbList","@id":"https:\/\/adekoite-preprod.fr\/pepiniere\/produit\/sophora-davidii\/#breadcrumb","itemListElement":[{"@type":"ListItem","position":1,"name":"Accueil","item":"https:\/\/adekoite-preprod.fr\/pepiniere\/"},{"@type":"ListItem","position":2,"name":"Boutique","item":"https:\/\/adekoite-preprod.fr\/pepiniere\/boutique\/"},{"@type":"ListItem","position":3,"name":"Sophora davidii"}]},{"@type":"WebSite","@id":"https:\/\/adekoite-preprod.fr\/pepiniere\/#website","url":"https:\/\/adekoite-preprod.fr\/pepiniere\/","name":"P\u00e9pini\u00e8re du Dandelion","description":"","potentialAction":[{"@type":"SearchAction","target":{"@type":"EntryPoint","urlTemplate":"https:\/\/adekoite-preprod.fr\/pepiniere\/?s={search_term_string}"},"query-input":{"@type":"PropertyValueSpecification","valueRequired":true,"valueName":"search_term_string"}}],"inLanguage":"fr-FR"}]}},"_links":{"self":[{"href":"https:\/\/adekoite-preprod.fr\/pepiniere\/wp-json\/wp\/v2\/product\/6403","targetHints":{"allow":["GET"]}}],"collection":[{"href":"https:\/\/adekoite-preprod.fr\/pepiniere\/wp-json\/wp\/v2\/product"}],"about":[{"href":"https:\/\/adekoite-preprod.fr\/pepiniere\/wp-json\/wp\/v2\/types\/product"}],"wp:featuredmedia":[{"embeddable":true,"href":"https:\/\/adekoite-preprod.fr\/pepiniere\/wp-json\/wp\/v2\/media\/6404"}],"wp:attachment":[{"href":"https:\/\/adekoite-preprod.fr\/pepiniere\/wp-json\/wp\/v2\/media?parent=6403"}],"wp:term":[{"taxonomy":"product_brand","embeddable":true,"href":"https:\/\/adekoite-preprod.fr\/pepiniere\/wp-json\/wp\/v2\/product_brand?post=6403"},{"taxonomy":"product_cat","embeddable":true,"href":"https:\/\/adekoite-preprod.fr\/pepiniere\/wp-json\/wp\/v2\/product_cat?post=6403"},{"taxonomy":"product_tag","embeddable":true,"href":"https:\/\/adekoite-preprod.fr\/pepiniere\/wp-json\/wp\/v2\/product_tag?post=6403"}],"curies":[{"name":"wp","href":"https:\/\/api.w.org\/{rel}","templated":true}]}}